{"id":346,"date":"2019-07-08T08:21:51","date_gmt":"2019-07-08T06:21:51","guid":{"rendered":"https:\/\/jocoenfer.coecadiz.com\/?page_id=346"},"modified":"2025-06-25T07:49:04","modified_gmt":"2025-06-25T05:49:04","slug":"talleres-prejornadas","status":"publish","type":"page","link":"https:\/\/jocoenfer.coecadiz.com\/?page_id=346","title":{"rendered":"Talleres prejornadas"},"content":{"rendered":"\n<p><\/p>\n\n\n\n<div class=\"wp-container-1 wp-block-group alignwide\"><div class=\"wp-block-group__inner-container\">\n<div class=\"wp-block-media-text alignwide is-stacked-on-mobile\" style=\"grid-template-columns:34% auto\"><figure class=\"wp-block-media-text__media\"><img loading=\"lazy\" width=\"768\" height=\"1024\" src=\"https:\/\/jocoenfer.coecadiz.com\/wp-content\/uploads\/2025\/06\/Foto-Eduardo-Sanchez-1-768x1024.jpg\" alt=\"\" class=\"wp-image-697 size-medium\" srcset=\"https:\/\/jocoenfer.coecadiz.com\/wp-content\/uploads\/2025\/06\/Foto-Eduardo-Sanchez-1-768x1024.jpg 768w, https:\/\/jocoenfer.coecadiz.com\/wp-content\/uploads\/2025\/06\/Foto-Eduardo-Sanchez-1-225x300.jpg 225w, https:\/\/jocoenfer.coecadiz.com\/wp-content\/uploads\/2025\/06\/Foto-Eduardo-Sanchez-1-1152x1536.jpg 1152w, https:\/\/jocoenfer.coecadiz.com\/wp-content\/uploads\/2025\/06\/Foto-Eduardo-Sanchez-1.jpg 1536w\" sizes=\"(max-width: 768px) 100vw, 768px\" \/><\/figure><div class=\"wp-block-media-text__content\">\n<p><\/p>\n\n\n\n<p>D\u00eda 15 de octubre. Horario de tarde. De 17 a 19 h.<\/p>\n\n\n\n<p class=\"has-medium-font-size\"><strong>T\u00edtulo del taller: \u00c9tica en la investigaci\u00f3n enfermera. Pasos clave para la aprobaci\u00f3n del Comit\u00e9<\/strong><\/p>\n\n\n\n<p>Lugar: Sal\u00f3n de actos. Colegio de Enfermer\u00eda de C\u00e1diz. Dirigido a asistentes a las Jornadas.<\/p>\n\n\n\n<p>Docente: Eduardo S\u00e1nchez S\u00e1nchez. Vicedecano de la Facultad de Enfermer\u00eda de Algeciras.<\/p>\n\n\n\n<p>Objetivo general: Capacitar a enfermeros y enfermeras en los principios \u00e9ticos fundamentales de la investigaci\u00f3n en enfermer\u00eda, as\u00ed como en los pasos clave para la aprobaci\u00f3n de proyectos por parte de los Comit\u00e9s de \u00c9tica, promoviendo una pr\u00e1ctica investigadora responsable, segura y alineada con la normativa vigente<\/p>\n\n\n\n<p>Contenido: Introducci\u00f3n a la \u00e9tica en la investigaci\u00f3n enfermera: principios, valores y normativa aplicable. El papel de los Comit\u00e9s de \u00c9tica: funciones, composici\u00f3n y proceso de evaluaci\u00f3n. Pasos clave para la aprobaci\u00f3n \u00e9tica de un proyecto: documentaci\u00f3n, consentimiento informado, protecci\u00f3n de datos y derechos de los participantes. Manejo de la plataforma SICEIA. An\u00e1lisis de casos pr\u00e1cticos y resoluci\u00f3n de dilemas \u00e9ticos en investigaci\u00f3n enfermera.<\/p>\n\n\n\n<p>Metodolog\u00eda: Exposici\u00f3n te\u00f3rica con apoyo audiovisual. An\u00e1lisis y discusi\u00f3n de casos pr\u00e1cticos. Resoluci\u00f3n de dudas y debate abierto.<\/p>\n\n\n\n<p><\/p>\n<\/div><\/div>\n<\/div><\/div>\n\n\n\n<hr class=\"wp-block-separator\"\/>\n\n\n\n<div class=\"wp-block-media-text alignwide is-stacked-on-mobile\" style=\"grid-template-columns:30% auto\"><figure class=\"wp-block-media-text__media\"><img loading=\"lazy\" width=\"650\" height=\"1024\" src=\"https:\/\/jocoenfer.coecadiz.com\/wp-content\/uploads\/2025\/06\/Foto-Manuel-Amezcua-1-650x1024.jpg\" alt=\"\" class=\"wp-image-663 size-medium\" srcset=\"https:\/\/jocoenfer.coecadiz.com\/wp-content\/uploads\/2025\/06\/Foto-Manuel-Amezcua-1-650x1024.jpg 650w, https:\/\/jocoenfer.coecadiz.com\/wp-content\/uploads\/2025\/06\/Foto-Manuel-Amezcua-1-190x300.jpg 190w, https:\/\/jocoenfer.coecadiz.com\/wp-content\/uploads\/2025\/06\/Foto-Manuel-Amezcua-1-768x1210.jpg 768w, https:\/\/jocoenfer.coecadiz.com\/wp-content\/uploads\/2025\/06\/Foto-Manuel-Amezcua-1-975x1536.jpg 975w, https:\/\/jocoenfer.coecadiz.com\/wp-content\/uploads\/2025\/06\/Foto-Manuel-Amezcua-1.jpg 1132w\" sizes=\"(max-width: 650px) 100vw, 650px\" \/><\/figure><div class=\"wp-block-media-text__content\">\n<p>D\u00eda 16 de octubre. Horario de ma\u00f1ana. De 10 a 12 h.<\/p>\n\n\n\n<p class=\"has-medium-font-size\"><strong><strong>T\u00edtulo del taller: <strong>Utilizar la Inteligencia Artificial generativa para apoyar la escritura cient\u00edfica<\/strong><\/strong><\/strong><\/p>\n\n\n\n<p>Lugar: Sal\u00f3n de actos. Colegio de Enfermer\u00eda de C\u00e1diz. Dirigido a asistentes a las Jornadas.<\/p>\n\n\n\n<p>Docente: Manuel Amezcua. Catedr\u00e1tico. Departamento de Historia de la Ciencia, Universidad de Granada. Presidente de la Fundaci\u00f3n Index.<\/p>\n\n\n\n<p>Justificaci\u00f3n: En la era de la Inteligencia Artificial (IA), las herramientas digitales ofrecen nuevas oportunidades para fortalecer las habilidades para la investigaci\u00f3n y la redacci\u00f3n cient\u00edfica. Este taller busca proporcionar conocimientos y buenas pr\u00e1cticas para producir art\u00edculos de calidad, potenciando su capacidad de divulgaci\u00f3n y visibilizaci\u00f3n del conocimiento enfermero en revistas cient\u00edficas.<\/p>\n\n\n\n<p>Objetivo: Adquirir competencias en el uso de estrategias y herramientas basadas en IA, para la redacci\u00f3n y publicaci\u00f3n de art\u00edculos cient\u00edficos en revistas de impacto, garantizando la adherencia a est\u00e1ndares \u00e9ticos y de calidad de la investigaci\u00f3n.<\/p>\n\n\n\n<p>Contenidos: El papel de la IA Generativa en la investigaci\u00f3n y publicaci\u00f3n cient\u00edfica, utilidades b\u00e1sicas (correctores, generadores de texto y verificadores de gram\u00e1tica), opciones avanzadas para an\u00e1lisis de datos y visualizaci\u00f3n de resultados, aspectos \u00e9ticos en la utilizaci\u00f3n de la IA (transparencia, autenticidad y responsabilidad).<\/p>\n\n\n\n<p>Metodolog\u00eda: Exposici\u00f3n breve e interactiva con ejemplos de casos reales. Espacio para preguntas y resoluci\u00f3n de dudas.<\/p>\n<\/div><\/div>\n\n\n\n<hr class=\"wp-block-separator\"\/>\n\n\n\n<p><\/p>\n","protected":false},"excerpt":{"rendered":"<p>D\u00eda 15 de octubre. Horario de tarde. De 17 a 19 h. T\u00edtulo del taller: \u00c9tica en la investigaci\u00f3n enfermera. Pasos clave para la aprobaci\u00f3n del Comit\u00e9 Lugar: Sal\u00f3n de actos. Colegio de Enfermer\u00eda de C\u00e1diz. Dirigido a asistentes a las Jornadas. Docente: Eduardo S\u00e1nchez S\u00e1nchez. Vicedecano de la Facultad de Enfermer\u00eda de Algeciras. Objetivo<\/p><\/div>\n<div class=\"blog-btn\"><a href=\"https:\/\/jocoenfer.coecadiz.com\/?page_id=346\" class=\"home-blog-btn\">Leer m\u00e1s<\/a><\/p>\n","protected":false},"author":2,"featured_media":0,"parent":0,"menu_order":0,"comment_status":"closed","ping_status":"closed","template":"","meta":[],"_links":{"self":[{"href":"https:\/\/jocoenfer.coecadiz.com\/index.php?rest_route=\/wp\/v2\/pages\/346"}],"collection":[{"href":"https:\/\/jocoenfer.coecadiz.com\/index.php?rest_route=\/wp\/v2\/pages"}],"about":[{"href":"https:\/\/jocoenfer.coecadiz.com\/index.php?rest_route=\/wp\/v2\/types\/page"}],"author":[{"embeddable":true,"href":"https:\/\/jocoenfer.coecadiz.com\/index.php?rest_route=\/wp\/v2\/users\/2"}],"replies":[{"embeddable":true,"href":"https:\/\/jocoenfer.coecadiz.com\/index.php?rest_route=%2Fwp%2Fv2%2Fcomments&post=346"}],"version-history":[{"count":33,"href":"https:\/\/jocoenfer.coecadiz.com\/index.php?rest_route=\/wp\/v2\/pages\/346\/revisions"}],"predecessor-version":[{"id":718,"href":"https:\/\/jocoenfer.coecadiz.com\/index.php?rest_route=\/wp\/v2\/pages\/346\/revisions\/718"}],"wp:attachment":[{"href":"https:\/\/jocoenfer.coecadiz.com\/index.php?rest_route=%2Fwp%2Fv2%2Fmedia&parent=346"}],"curies":[{"name":"wp","href":"https:\/\/api.w.org\/{rel}","templated":true}]}}